e number?
False
Let b be (-894)/42 - 6/(-21). Let o be (-6)/b + 66/14. Suppose o*d + 0*d = 385. Is d composite?
True
Let w(o) = 4*o**3 + 4*o + 4. Let a be w(-6). Let t = a - -1621. Is t composite?
True
Suppose -8 = -y + 3*w, -4*w - 32 = 2*y - 6*y. Is (4/y - 0)/1*1662 prime?
False
Suppose -u - 2*f + 40 - 14 = 0, -140 = -5*u - 5*f. Let w(d) = -3*d - 47. Let v be w(-8). Let s = u - v. Is s composite?
False
Let c = -15182 + 38581. Is c composite?
False
Let t = 20 - 16. Suppose -t*o + 2829 = -o. Is o a prime number?
False
Suppose -2*g = 3*g + 900. Let v = -1 - g. Suppose -2*i - v = 5*u - 2436, 0 = -5*u - 3*i + 2258. Is u a prime number?
False
Suppose 4*v = 5*x - 14 + 51, -4*v - 17 = x. Is (-2)/(-1) - (x - 112) a prime number?
False
Suppose 5*x - 4*x + 5439 = 4*k, 0 = 2*k - 5*x - 2697. Is k composite?
False
Is (-4843)/(-4) + 5/20 prime?
False
Let z = 8 + -17. Let k = 11 + z. Is 3 + k*169 + -2 a prime number?
False
Let v(q) = 5727*q - 824. Is v(7) a prime number?
False
Let u be ((-312)/10)/((-203)/(-35) - 6). Suppose 21 = -2*d - 4*h - 5, 43 = -4*d - 5*h. Let t = d + u. Is t a composite number?
False
Let x(z) = -41*z + 4. Let d be x(5). Let h(f) = -36*f + 70. Let s be h(10). Let y = d - s. Is y prime?
True
Let a(u) = -7*u - 176. Let v be a(-25). Let p(w) = -1. Let g(l) = -346*l - 5. Let s(k) = g(k) - 6*p(k). Is s(v) a prime number?
True
Let a(i) be the second derivative of i**4/12 - 7*i**3/6 - 3*i**2 + 2*i. Let g be -4 + -4 + (14 - -2). Is a(g) a prime number?
True
Let b(s) = 17*s**2 + 3*s. Let h be b(-2). Suppose -2*p - 20 = -6*p. Suppose p*j = 3*j + h. Is j a composite number?
False
Suppose 789490 = 29*f - 39475. Is f prime?
False
Let i = -2694 - -7164. Suppose 10*k = 5*k + 5*s + i, -1 = -s. Is k prime?
False
Let l = -4997 - -12038. Is l a composite number?
True
Let f(s) be the third derivative of -s**6/60 - s**5/10 - s**4/6 + s**3/6 + 16*s**2. Suppose 3 = -g - 1. Is f(g) composite?
True
Let g be ((-18)/15)/((-6)/30). Suppose -4*j + 2*l = g*l - 28, -4*j + 3 = -l. Suppose 2*n = j*c - 97 - 51, 0 = -5*c + n + 370. Is c prime?
False
Suppose -s + 74 = 5*c, -c + 0*s = -2*s - 6. Is ((-3731)/c - 4)/((-2)/4) prime?
True
Let k(j) = 4141*j**2 + 6*j - 14. Is k(3) composite?
False
Let m = 25 - 24. Suppose -4*i + 5*g + 4 = g, 0 = 5*i - g - m. Suppose -5*n - 43 + 148 = i. Is n a prime number?
False
Let l = -8 + 8. Suppose -3 = -d - l. Suppose -d*h = -417 + 150. Is h a prime number?
True
Is ((-1139288)/(-22) - -1) + 8/44 a composite number?
False
Let s(b) = 5*b + 7. Let q(z) = 2*z**2 - 4*z**2 - 2*z - z**2 - z**3 + 0*z**3. Let o be q(-3). Is s(o) prime?
True
Suppose -16 + 6 = -2*r, -q + 34 = -2*r. Let c = 18 - 11. Let l = q - c. Is l prime?
True
Suppose 2*f + 0*b = -b + 40, 5*b + 66 = 4*f. Suppose -3*q = -6*q. Suppose q = 3*z - 2*z - f. Is z a prime number?
True
Suppose 4564 - 1448 = 4*q. Suppose -2435 = -j + q. Is j composite?
True
Let q = 6602 - 4099. Is q prime?
True
Let k(c) = 13*c**2 - 3*c - 3. Let w be k(-1). Suppose 2*b = u + w, 6 + 2 = b - u. Suppose -b*m + 0*m + 1115 = 0. Is m prime?
True
Let m be 4/(-3)*(-12)/8. Suppose -m*d - d = -15. Suppose 4*u = d*u - 127. Is u composite?
False
Let h(c) be the second derivative of c**8/6720 - c**7/252 - c**6/90 + c**5/24 + c**4/4 - 4*c. Let i(k) be the third derivative of h(k). Is i(14) composite?
False
Suppose 0 = -15*o + 845 - 2285. Let b be (449/(-2))/((-2)/4). Let i = b + o. Is i composite?
False
Let h(i) = -12*i - 10 - 6 - 2*i + 2*i - i**2. Let v be h(-11). Is (-8 + 13)*(-34)/v prime?
False
Suppose 21*a + 229348 = 25*a - 2*v, -5*v = 20. Is a composite?
True
Let g = 3945 + -2686. Is g a prime number?
True
Let k be 6 + -5 - ((-1 - -3) + -4). Suppose g - 1145 = 3*w, 0 = g - k*w + w - 1141. Is g prime?
False
Suppose 4*k - 5*s = 1, -5*s - 1 = -2*k - 2*s. Is (208/(-32))/(k - (-210)/212) composite?
True
Let u(k) = k**2 - 2*k - 2. Let r be u(-2). Suppose 8 = r*v - 10. Suppose 3*y + x = 5*y - 817, -1230 = -3*y - v*x. Is y a prime number?
True
Is 15/(30/12044) - 5 composite?
True
Is (-9)/3 + -1 + 7756 - -1 a composite number?
False
Let z be 60/(-84) + 2/(-7). Let y(b) = -b - 1. Let u(d) = -5*d + 8. Let x(k) = z*u(k) - 3*y(k). Is x(2) composite?
False
Let k(p) = 8 + p - 7*p + 9*p + 24*p**2. Is k(-3) composite?
True
Let q = -22 + 25. Suppose -3*g + 7*g + 3171 = 5*y, -1274 = -2*y + q*g. Is y composite?
False
Let i = -10 - -11. Suppose -2*k - 35 = i. Is 381*1*(-6)/k a prime number?
True
Suppose -1894 = -4*r + 5146. Let w = r + -123. Is w prime?
True
Suppose -3*t = 6*t - 18. Suppose 315 = t*i + 5*g, 0 = 3*g - 7 - 8. Is i composite?
True
Let c = 28 - 26. Is c*(30/4)/5 composite?
False
Let z be ((-12)/(-30))/((-2)/(-5)). Is 788 + -1*(z - -2) composite?
True
Is -727*(1 + -3 - 1) composite?
True
Let j(b) = -b**2 + 8*b + 6. Let v be j(8). Let y be v*(-1)/((-2)/1). Suppose 0*l = -y*l + 78. Is l a composite number?
True
Suppose -53*s + 24 = -49*s. Suppose -s*c = 4*c - 690. Is c prime?
False
Suppose u - 2*r = 39557, -21678 = -2*u - 5*r + 57409. Is u composite?
False
Let d(v) = -9*v**2 + 2*v**3 + v - 2034 + 4*v + 2041. Suppose -3*o = -3*c - 15, -1 = o - 2*o + 3*c. Is d(o) a composite number?
True
Let q(r) be the first derivative of -37*r**2 + 4*r - 15. Is q(-3) prime?
False
Is (30/(-6) + -1050)/(-1) prime?
False
Suppose -2*p - 9 = -3*p - 4*f, f = -5*p + 26. Let y(o) = 3*o + 32. Let i be y(-19). Is ((-6)/p)/(10/i) composite?
False
Is 20/((-160)/12)*42342/(-9) a prime number?
True
Let g = 15 + -11. Suppose g*d + 27 = 13*d. Suppose 0 = -r + 2*h + 77, 0 = 4*r - d*h - 295 + 2. Is r a prime number?
True
Suppose 2*r - 6464 - 19274 = 0. Is r prime?
False
Let i = 881 + -607. Suppose 0 = -5*h + 2*h - 5*z + 1547, -2*h + 5*z + 998 = 0. Let k = h - i. Is k a prime number?
False
Suppose -2*c + 2*w = -w - 10, -c + 5*w + 12 = 0. Let h(x) = 31*x**2 + 82*x**c + 14*x**2. Is h(1) composite?
False
Let u = -2288 + 18937. Is u composite?
False
Suppose f = -3*f + 8. Suppose 2*b = f, -4*u + 4 + 20 = 4*b. Suppose 2*y - 598 = -4*h - 220, -490 = -u*h + y. Is h a prime number?
True
Let z(h) = 7*h**2 + 2*h - 4. Suppose 4*i + n - 8 = 0, 0*i + 4*n - 4 = -2*i. Suppose -i*p - 2 = 4. Is z(p) a composite number?
False
Let u(n) = n + 5. Let r be u(-4). Let h be 1 - (2 - (-5)/r). Is ((-3)/h)/((-3)/(-798)) prime?
False
Let a be (0 - 3)*17/(-3). Let x = -41 + a. Is -6*(4 - (-724)/x) a prime number?
True
Let f = -98 + 222. Let x = -188 + f. Let o = 117 + x. Is o composite?
False
Let s(g) = 6*g**2 - 3*g + 1. Let z(r) be the second derivative of -11*r**4/12 + 7*r**3/6 - 3*r**2/2 - 6*r. Let m(u) = -5*s(u) - 3*z(u). Is m(11) composite?
True
Let h = 7390 - -511. Is h composite?
False
Let t(m) = m - 1. Let z(b) = -3*b**2 - 3*b + 4. Let g(i) = 3*t(i) - z(i). Let k be g(11). Suppose -k = 9*n - 11*n. Is n composite?
False
Let u be -2*21/(-6)*3. Suppose 3*x + u = -3*m, -4*m + 5*x - 1 + 0 = 0. Is (m - 0 - -6) + 159 a prime number?
False
Suppose -2*d - 8 = -i + 4, 0 = 2*i - 8. Is 12/(-3) - d - -293 prime?
True
Suppose 4*h - 3*s = h + 693, h = -s + 227. Let g = h + 238. Is g a composite number?
False
Let t(z) = 5*z**2 + 48*z - 55. Is t(18) a composite number?
True
Let t(r) = -107*r - 1. Suppose -5*v + 24 = -v. Let m(z) = -z + 5. Let d be m(v). Is t(d) composite?
True
Let u(g) = -3*g + 5. Let o be u(1). Suppose 0 = 5*d - 3*a - o*a - 5775, -3*d = 4*a - 3437. Is d composite?
False
Let c(g) = -1346*g - 189. Is c(-26) a prime number?
True
Is 17/((-255)/(-10)) - (-494)/6 composite?
False
Suppose -3*b = -u - 6, -u + 5*b - 10 = -4*u. Let w = u + 8. Is w/(-14) - 2739/(-77) composite?
True
Suppose q - 2815 = -0*q. Let x = q - 1560. Let f = x - 738. Is f a composite number?
True
Is (18/36)/(3/(-2766))*-11 composite?
True
Let d(s) = 6*s - 2142. Let p be d(0). Let q = -781 - p. Is q a prime number?
True
Let y = 14981 - 8138. Is y a prime number?
False
Let f(a) = -12*a**2 - 4*a - 3. Let j be f(-3). Let l = j - -406. Is l composite?
False
Let d(v) = -5*v**3 - 69*v**2 - 37*v + 107. Is d(-28) a composite number?
False
Let n be 0/2 + 1 + -18 + 18. Is (304 - (n - 5)) + -1 prime?
True
Suppose 0 = 10*l - 8309 - 4161. Is l a prime number?
False
Let g = -124 + 26. Let l = 29 + g. Is -1 - l - (-2 + 3) a composite number?
False
Let d(i) be the third derivative of i**4/3 - 3*i**3/2 + 4*i**2. Let a be d(2). Is a